is the units digit of j?
2
Let y(l) = 3*l - 11. Suppose 0 = u - 3*f + 3 - 13, 0 = 5*u + 5*f - 10. Suppose 24 = u*o - 24. What is the tens digit of y(o)?
2
Suppose -a + 318 = -4*w - 31, -4*w - 16 = 0. What is the tens digit of a?
3
Let m(g) = 5*g - 12. Let u(x) = x**3 + 4*x**2 - 2*x - 1. Let z be u(-4). Let d be m(z). Let l = d - -14. What is the units digit of l?
7
Let n = -123 - -53. Let m = 105 + n. What is the units digit of m?
5
Let c be (-26)/65 - (-44)/10. Suppose -x = c*x - 405. What is the tens digit of x?
8
Let r(l) = -l**3 + 7*l**2 - 5*l - 7. Suppose -5*u + 10 = 5*g, 2*u - g - 20 = g. Let k be r(u). Let z = k - -14. What is the tens digit of z?
1
Suppose 0 = -5*u - 5*l + 5, u = 3*u + 4*l + 8. Let g be 2/((u/(-4))/(-3)). Suppose -g*c + 165 = c. What is the tens digit of c?
3
Let h(l) = -3*l**2 - 5 + 3*l + 3*l**2 + l**2. Let t be h(-4). What is the units digit of (-29)/(-2) - t/(-2)?
4
Let m = 9 - 9. Suppose x = 5*h + 44, -4*h + m*x = -3*x + 44. Let c = h - -14. What is the units digit of c?
6
Let i(b) = -271*b - 431. What is the hundreds digit of i(-10)?
2
Let m(b) = 4*b**2 + b + 1. Let z be m(-1). Suppose -u - 2*l = -0*l + 4, 4*l + 12 = -z*u. What is the units digit of 1/(2 - (3 + u))?
1
What is the hundreds digit of 88/6*6342/56?
6
Suppose 3939 = 2*u - s, s - 18 + 13 = 0. What is the units digit of u?
2
Let u = -75 - -88. Suppose 5*t - t - 16 = 0. Let v = u - t. What is the units digit of v?
9
Let a(h) = h**3 - 2*h + 1. Let g be a(2). Suppose 0 = g*r - 3*r + 184. What is the units digit of 1/((-96)/r - 1)?
3
Suppose -1 - 8 = -a. Let o(j) = 4*j - 10*j**2 + 13*j - 6*j - 7 + j**3. What is the tens digit of o(a)?
1
Let w = -30 - -29. What is the tens digit of (w/3)/((-5)/735)?
4
Let y(q) = -q**3 - 3*q**2 + 3*q + 1. Let r be y(-3). Let w = r - -12. Suppose 0*l + l - 2*b = 3, -w*l + 5*b = -9. What is the units digit of l?
1
Suppose g + 949 - 1248 = 0. What is the tens digit of g?
9
Suppose 1 = 2*p - 3*i - 11, 3*p = -2*i - 8. Suppose 4*l = -p*l + 500. What is the units digit of l?
5
Let o be (-4)/((-1188)/236 + 5). Let k = o + -93. What is the tens digit of k?
2
Let i(s) = 8*s + 2. Let a(n) = -n**3 + 5*n**2 - 4*n. Let p be a(3). Let y be i(p). Suppose 0 = 2*d + 5*k - 20, -d - 5*k + y = 4*d. What is the tens digit of d?
1
Suppose f = -3*m - 2516 + 13501, 4*m + f - 14646 = 0. What is the units digit of m?
1
Suppose -5*j - 53*a + 55*a - 49 = 0, j + a + 7 = 0. Let t(w) be the second derivative of -w**4/12 - 3*w**3/2 + 5*w**2 + w. What is the units digit of t(j)?
0
Suppose -5*k + 15344 = -3*x, -19*x + 3072 = k - 18*x. What is the tens digit of k?
7
Let n(t) = -15*t - 2. Let y(d) = d - 4. Let x be y(-11). Let s = 14 + x. What is the tens digit of n(s)?
1
Let j(p) = -7*p**2 - 33*p + 5. Let d be j(-7). Let x = 216 + d. What is the units digit of x?
9
Let q be (-1)/3*((5 - 2) + -15). Suppose -q*w + 66 + 2 = 0. What is the tens digit of w?
1
Suppose -19*h + 16*h = -198. Suppose t - h = -2*t. Let c = t + 26. What is the tens digit of c?
4
Suppose -17 = -i + 15. Suppose 0 = -i*k + 33*k - 59. What is the units digit of k?
9
Let y(v) = -13*v**3 + v**2 + 3*v + 2. Let j be y(-2). Suppose w + 2*o + 3*o - 1 = 0, 4*w - j = 5*o. What is the units digit of w?
1
Suppose 848 + 127 = 13*l. Suppose -5*d = 5*v - 145 - l, -2*d - 44 = -v. What is the units digit of v?
4
Let z(t) = 680*t + 3. Let n be z(2). Suppose 4*w - 4*m = -243 + n, -w + 286 = 5*m. What is the units digit of w?
1
Let u = 3 + 6. Suppose 8*i - u*i + 65 = 0. Suppose -i - 7 = -4*a. What is the units digit of a?
8
Let q be (0 - 66/(-4))*8. Let w = q + -33. Suppose 4*p - w - 37 = 0. What is the tens digit of p?
3
Suppose 0 = 16*f + 937 - 18889. What is the tens digit of f?
2
Suppose -29*u + 55709 - 20793 = 0. What is the hundreds digit of u?
2
Let l(a) = 3*a**2 - 26*a - 37. What is the units digit of l(29)?
2
Suppose 0*m + 3*m - w = -127, -41 = m + w. Let n = m + 2. What is the units digit of n*(-3)/(2 - -4)?
0
Suppose 5*u = u - 4*h + 5456, -3*u + h + 4112 = 0. What is the thousands digit of u?
1
What is the tens digit of 24/(-60)*1/((-3)/2535)?
3
Let i(c) = -78*c - 343. What is the hundreds digit of i(-18)?
0
Suppose -5 = b + m, -3*b - 4*m = -0*m + 20. Suppose -w - 3*q + 6*q + 77 = b, -q = 5*w - 385. What is the tens digit of w?
7
Suppose -3*j = 3 + 6. Let k(q) = -2*q**2 - 3*q - 2. Let a be k(j). Let y = a + 13. What is the units digit of y?
2
Suppose -96 = -v + 37. What is the tens digit of v?
3
Suppose -13*z + 50665 = -16727. What is the tens digit of z?
8
Let w = 26 + -28. Let x = w + 59. What is the tens digit of x?
5
Suppose -144*n + 151*n = 15995. What is the tens digit of n?
8
Suppose -14504 = -17*t - 2196. What is the hundreds digit of t?
7
Suppose 0 = 3*h - 4*o - 3785, -3 = 4*o - 19. What is the hundreds digit of h?
2
Suppose -2*h + 3106 = 5*q, 24*h + 608 = q + 20*h. What is the hundreds digit of q?
6
Let w = 1 + -3. What is the tens digit of (55/(-10) - -8)/(w/(-172))?
1
Let t = 180 - 94. What is the units digit of t?
6
Let p be -4 + (-4)/(-2 + -2). Let r be (-8)/12 + (-23)/p. Suppose 5*x = -t + 14, t + r*x - 12 = 3*x. What is the units digit of t?
4
Let c be 81/3*2/6. Let a = 11 - c. What is the units digit of a?
2
Let b(i) = 3*i**3 - 10*i**2 + 9*i - 20. Let x be b(10). Suppose -16*w + x + 1226 = 0. What is the units digit of w?
6
Suppose -22*n + 24*n = 498. Let c = n + -145. What is the hundreds digit of c?
1
Suppose 161*b = 158*b + 1824. What is the units digit of b?
8
Let d = 1279 - 681. What is the hundreds digit of d?
5
Let j(o) = o**2 - 5. Let u(g) = g**3 + 2*g**2 - 2*g - 2. Suppose 4*l - 8 + 20 = 0. Let t be u(l). What is the tens digit of j(t)?
2
Let r = 2096 + -1480. What is the units digit of r?
6
Let r = -28 + 34. Suppose 0 = -7*k + r*k + h, -2*k - h + 12 = 0. What is the units digit of k?
4
Let j = 5072 - 3464. What is the units digit of j?
8
Let i = -281 + 284. Let g(o) = -16*o + 5. Let d be g(-4). Suppose -i*f + d - 8 = -y, 3*y - 57 = -3*f. What is the tens digit of f?
2
What is the thousands digit of 3649 + (-5)/15*54/9?
3
Let m be (4 - 45/12)*12. Suppose -2*n + 134 = -s, -m*s + 52 + 29 = n. What is the tens digit of n?
6
Suppose -g - 2*g = -6, 2*g = 4*c + 388. Suppose 0 = -5*f - 148 - 172. Let m = f - c. What is the units digit of m?
2
Let p be (-1)/(-1) + -9 + 12. Let y = 64 - p. What is the tens digit of y?
6
Suppose 4*n = -4*p, 0 = 3*n - n - 4*p + 24. Let s(f) = -16*f - 7. What is the tens digit of s(n)?
5
Let o(i) = -2*i - 25. Let q be o(-14). Suppose q*u + 2*l - 240 = 0, 3*u - 4*l - 222 = -0*u. What is the units digit of u?
8
What is the hundreds digit of (3446/(-4))/(40/(-80))?
7
Let o = 29 + -36. Let y(d) = d**3 + 8*d**2 + 2*d + 3. What is the units digit of y(o)?
8
Let c = 9 + -9. Suppose 3*w - 14 = f, c = 5*w - 4*w - 5*f. Suppose -5*t + 18 = -a, -2*t - t - w*a = -22. What is the units digit of t?
4
Let g = -6 + -3. Let z be (-140)/18 + 2/g. Let d(n) = -n**3 - 7*n**2 + 8*n + 10. What is the tens digit of d(z)?
1
Suppose 159942 = 31*c + 15*c. What is the hundreds digit of c?
4
Suppose -83546 = -18*x - 20852. What is the units digit of x?
3
Let p be 53*(12/8 - (-4)/(-8)). Let l be (-3 + -234)*(-2)/6. Let b = l - p. What is the tens digit of b?
2
Suppose 7017 = 7*p + 1067. What is the tens digit of p?
5
Suppose -5*c + 3*j = -0*c - 4800, -2*j - 2881 = -3*c. What is the tens digit of c?
5
Let n(p) = p**2 + 9*p + 3. Let f be n(-9). Suppose -x - 2 = -3*z, -2*z = -x + f*x + 20. Let j = 57 - x. What is the tens digit of j?
6
Suppose -2855 = -k + 24*w - 27*w, -2*w + 11440 = 4*k. What is the tens digit of k?
6
Let z = 6 + -3. Suppose -z*i + 78 = 27. Let h = i - 3. What is the tens digit of h?
1
Let w = 101 + -99. Suppose 28 = w*b - 3*c, 11 = -b - 5*c - 1. What is the units digit of b?
8
Suppose 0 = -5*s - 4*u + 179, -3*s + 90 + 11 = -4*u. What is the tens digit of s?
3
Suppose -m = 3*m - 88. Suppose 0 = z + m + 10. What is the units digit of ((-6)/4 + 1)*z?
6
What is the tens digit of -1 + 2 - (0 + 10)*-127?
7
Suppose -7*k + 12*k = 710. What is the units digit of k?
2
Suppose -15 = 3*i + 3. Let d be (-25)/(-10) + i/(-4). Suppose 3*c + d = m - 0*c, 0 = c. What is the units digit of m?
4
Let r(f) = f**2 + 15*f - 16. Let d be r(-16). Let v(w) = w**2 + 2*w + 60. Let t be v(d). 